17. Calculate x(4).
-1
Let y(j) = -j + 17. Give y(-9).
26
Let l(h) = -18*h - 88. Determine l(-5).
2
Let z(x) = -x**3 - 6*x**2 + 7*x + 48. What is z(-6)?
6
Let l(t) = t - 5. Determine l(7).
2
Let y(l) = l**3 - 9*l**2 - 11*l + 1. What is y(10)?
-9
Let c(o) = 2*o**2 - 7*o + 1. Calculate c(4).
5
Let t(h) = 3*h**3 + 2*h**2 + 2*h + 1. Calculate t(-1).
-2
Let l(q) = -2*q**3 + q**2 + 2*q + 1. What is l(-1)?
2
Let z(v) = -2*v**2 + 2*v + 6. Calculate z(-2).
-6
Let k(b) = b**2 + 10. Calculate k(-9).
91
Let n(f) = f**2 - 10*f - 17. Give n(11).
-6
Let d(h) = 7*h + 21. What is d(-5)?
-14
Let d(y) = -y**2 - 22*y + 79. Determine d(0).
79
Let n(z) = -z**3 + 7*z**2 - 4*z + 6. Give n(7).
-22
Let b(x) = x - 22. Calculate b(16).
-6
Let m(h) = h**3 + 2*h**2 - 1. Give m(-2).
-1
Let g(t) = -3*t - 18. What is g(-8)?
6
Let a(b) = -9*b**2 + b - 2. Determine a(-2).
-40
Let u(p) = p**2 + 15*p + 34. Calculate u(-13).
8
Let g(d) = 2*d + 22. Give g(-7).
8
Let v(r) = 6*r - 1. Determine v(-4).
-25
Let c(a) = 4*a - 39. Determine c(7).
-11
Let u(b) = -b - 2. Determine u(8).
-10
Let j(p) = p**3 + 6*p**2 - 4*p - 3. What is j(-7)?
-24
Let m(v) = v**2 - 13*v + 11. Determine m(12).
-1
Let f(i) = i**3 - 6*i**2 - 14*i + 9. Calculate f(6).
-75
Let h(b) = 51*b - 3. What is h(-1)?
-54
Let c(g) = -58*g**2 + g - 2. Determine c(1).
-59
Let w(i) = 4*i**2 - i - 4. Calculate w(-5).
101
Let t(b) = 5*b - 8. Determine t(-3).
-23
Let u(i) = 4*i - 7. What is u(13)?
45
Let f(g) = 2*g**2 - 61*g + 382. Give f(9).
-5
Let u(i) = -i - 4. Determine u(-12).
8
Let s(y) = 6*y**2 + 87*y + 51. What is s(-14)?
9
Let i(k) = -k**2 - 7*k - 3. Determine i(-7).
-3
Let y(i) = -2*i + 26. Calculate y(13).
0
Let a(o) = -o**2 + 3*o. Determine a(2).
2
Let y(f) = -f**2 - 18*f - 78. What is y(-10)?
2
Let v(c) = c**3 + 16*c**2 + 3*c + 37. Calculate v(-16).
-11
Let l(m) = m**3 + 8*m**2 - 8*m + 17. Give l(-9).
8
Let y(n) = n**3 + 7*n**2 + 2*n + 1. What is y(-5)?
41
Let k(n) = -4*n + 24. Calculate k(8).
-8
Let h(z) = z**3 + 4*z**2 + 3*z - 4. Give h(-3).
-4
Let j(l) = 3*l**3 - 3*l**2 + 3*l - 8. Give j(3).
55
Let j(m) = 2*m - 13. Give j(6).
-1
Let u(g) = -g**3 - 13*g**2 - 36*g + 5. Determine u(-8).
-27
Let x(h) = -27*h - 915. Give x(-34).
3
Let a(k) = -4*k**2 - 2*k + 1. Calculate a(-2).
-11
Let i(a) = -16*a + 114. What is i(8)?
-14
Let u(y) = -y**3 + 4*y**2 + 23*y - 27. Give u(8).
-99
Let t(k) = -k**3 - 5*k**2 + 42*k + 59. Determine t(-9).
5
Let r(c) = c**3 + 10*c**2 - c. Determine r(-10).
10
Let u(o) = 24*o**3 - o - 2. What is u(-1)?
-25
Let x(o) = -3*o**2 - 3*o - 2. What is x(-4)?
-38
Let y(k) = -k**3 + 6*k**2 - 10. What is y(7)?
-59
Let h(z) = -8*z - 58. Give h(-8).
6
Let m(t) = t**3 + 38*t**2 + 71*t - 2. Give m(-2).
0
Let b(g) = -2*g + 70. Determine b(33).
4
Let f(y) = y**3 - 18*y**2 + 17*y + 7. Determine f(17).
7
Let q(w) = -w**3 + w**2 - 49*w + 145. Give q(3).
-20
Let g(l) = -l**2 + 7*l - 5. What is g(4)?
7
Let c(i) = i + 10. Give c(3).
13
Let o(w) = -w**2 + 3*w + 4. Give o(6).
-14
Let s(m) = -m**2 - 18*m - 21. Calculate s(-17).
-4
Let w(z) = -z**3 + z**2 + 16*z + 2. What is w(5)?
-18
Let n(o) = 29*o**3 + o**2 - o - 1. Determine n(-1).
-28
Let p(f) = -f**3 + 8*f**2 - 15*f + 9. Calculate p(7).
-47
Let f(z) = z**3 + 8*z**2 + 3*z + 10. Calculate f(-8).
-14
Let h(w) = w**2 - 26*w - 61. Calculate h(28).
-5
Let k(q) = -q**2 - 28*q - 118. Determine k(-6).
14
Let k(o) = o**3 + 6*o**2 + o + 2. Give k(-6).
-4
Let b(s) = 10*s - 72. Determine b(5).
-22
Let z(k) = -k**3 - 8*k**2 + 4. What is z(-9)?
85
Let a(y) = 2*y**2 + 4*y + 7. Give a(0).
7
Let p(v) = 6*v**2 - 4*v + 5. Determine p(3).
47
Let c(p) = p**2 + 5. What is c(0)?
5
Let i(m) = -2*m**2 + 9*m - 3. Calculate i(4).
1
Let q(b) = -11*b - 43. What is q(-4)?
1
Let p(r) = -r**3 - 8*r**2 + 22*r - 21. Give p(-10).
-41
Let b(f) = f**2 + 4*f - 28. Calculate b(-5).
-23
Let m(q) = -3*q + 25. Give m(-3).
34
Let y(o) = -5*o + 60. Calculate y(8).
20
Let h(q) = -q**2 - 15*q - 14. Calculate h(-13).
12
Let c(k) = -k**2 - k + 7. What is c(5)?
-23
Let r(g) = 2*g**2 - 3*g - 3. Calculate r(3).
6
Let o(b) = b**2 - b - 57. What is o(-7)?
-1
Let g(p) = 37*p + 40. Determine g(-1).
3
Let d(q) = q**3 + 13*q**2 + 13*q + 29. Give d(-12).
17
Let s(l) = l - 5. Determine s(7).
2
Let i(n) = n**3 + 2*n**2 + n + 6. What is i(-3)?
-6
Let y(k) = -k**3 + k**2 + 8*k - 7. Calculate y(3).
-1
Let a(h) = h**2 + 20*h - 43. Determine a(-22).
1
Let a(q) = q**2 + 4*q - 3. Calculate a(-5).
2
Let l(b) = 20*b - 423. What is l(21)?
-3
Let p(f) = f - 3. Determine p(8).
5
Let v(a) = a**3 - 10*a**2 + 9*a + 10. What is v(9)?
10
Let x(c) = -2*c**2 + 26*c - 16. Determine x(12).
8
Let f(t) = -t**2 - 22*t + 784. What is f(-41)?
5
Let j(v) = -19*v - 19. Determine j(-1).
0
Let t(i) = -2*i**3 + 68*i**2 + 9. Calculate t(34).
9
Let g(t) = -4*t**3 + t**2 - 1. Determine g(1).
-4
Let x(r) = -9*r + 32. What is x(4)?
-4
Let w(l) = l**3 + l**2 + 6. Calculate w(0).
6
Let f(y) = -y**2 + 25*y - 75. What is f(22)?
-9
Let j(z) = 8*z**2 - 2*z + 1. Determine j(1).
7
Let v(w) = w**3 - w + 1. Determine v(-4).
-59
Let w(k) = 10*k - 123. Give w(12).
-3
Let u(k) = 15*k**3 + 3*k**2 - 2*k + 1. What is u(1)?
17
Let y(m) = m**2 + 45*m + 431. Give y(-14).
-3
Let u(f) = 5*f**3 - 29*f**2 - 2*f - 31. Give u(6).
-7
Let p(m) = -m**3 - 8*m**2 + 7*m - 4. Calculate p(-5).
-114
Let v(s) = 7*s + 6. What is v(1)?
13
Let s(u) = u**2 - u - 63. What is s(8)?
-7
Let r(u) = 98*u + 21. What is r(-3)?
-273
Let o(z) = 3*z**2 + 5*z + 5. Determine o(-5).
55
Let q(o) = -2*o**2 - 2*o - 7. Determine q(-6).
-67
Let b(y) = 2*y**2 - 14*y - 8. What is b(8)?
8
Let h(y) = -4*y**2 + 27*y - 23. Give h(6).
-5
Let b(r) = -4*r + 30. Calculate b(-3).
42
Let p(t) = t**3 + 10*t**2 - 24*t. What is p(-12)?
0
Let v(l) = -l**3 - 22*l**2 - 42*l - 21. Calculate v(-20).
19
Let g(o) = -o**3 - o**2 + 5*o + 59. Determine g(0).
59
Let d(r) = 30*r + 1. Give d(-4).
-119
Let a(n) = -2*n**2 + 2*n + 2. Determine a(2).
-2
Let y(s) = s**3 + 22. Calculate y(0).
22
Let r(g) = -6*g - 3. Give r(-5).
27
Let w(l) = -l**2 - 2*l + 2. Determine w(3).
-13
Let u(q) = -9*q - 3. Determine u(-1).
6
Let u(d) = 49*d**3 - 2*d**2 - 2*d - 1. Give u(-1).
-50
Let o(z) = 2*z**2 + 11*z - 9. Calculate o(-7).
12
Let w(n) = -n**3 + n**2 + 6*n - 3. Determine w(3).
-3
Let j(r) = r**3 + 7*r**2 + 10. What is j(-7)?
10
Let i(o) = o - 4. Determine i(4).
0
Let z(t) = t**3 + 9*t**2 + 15*t - 17. What is z(-6)?
1
Let v(d) = d**3 - 6*d**2 + 6*d + 1. Give v(6).
37
Let g(p) = -p**3 - 19*p**2 - 34*p + 16. Calculate g(-17).
16
Let r(x) = -18*x - 6. Determine r(-1).
12
Let l(r) = -5*r - 21. Calculate l(-5).
4
Let a(b) = -2*b**3 - 15*b**2 + 15*b + 55. Give a(-8).
-1
Let y(p) = 2*p - 2. Calculate y(-6).
-14
Let b(h) = h**3 + h**2 - h + 1. Calculate b(1).
2
Let f(d) = 501*d + 1504. Determine f(-3).
1
Let k(o) = o**2 + 5*o + 22. Calculate k(-7).
36
Let i(d) = -d**3 + 8*d**2 + 3*d + 9. Determine i(8).
33
Let j(q) = 12*q - 11. Calculate j(0).
-11
Let j(h) = -4*h - 3. Determine j(7).
-31
Let w(i) = i**3 - 5*i**2 + 7*i + 7. Determine w(5).
42
Let t(v) = -v**3 + 5*v**2 - 4*v + 4. What is t(2)?
8
Let y(c) = -8*c + 159. Give y(18).
15
Let u(i) = 8*i + 60. Calculate u(-11).
-28
Let l(t) = 107*t + 319. What is l(-3)?
-2
Let w(c) = 22*c - 83. Give w(11).
159
Let o(d) = 18*d - 2. Calculate o(-3).
-56
Let u(x) = 16*x - 274. Determine u(17).
-2
Let q(l) = 24*l**2 - 2*l + 1. Calculate q(1).
23
Let j(f) = -9*f - 37. What is j(-4)?
-1
Let h(z) = -z**2 + 5. Determine h(2).
1
Let f(m) = -m**2 + 33*m - 226. Calculate f(23).
4
Let a(t) = -t**2 + 9*t + 8. What is a(9)?
8
Let k(c) = c**2 + 14*c - 313. Calculate k(12).
-1
Let k(q) = -q + 45. Calculate k(49).
-4
Let m(g) = g**3 - 11*g**2 - 28*g + 11. Give m(13).
-15
Let r(f) = 51*f - 13. Calculate r(-2).
-115
Let t(g) = g**2 + g + 1. What is t(-4)?
13
Let h(i) = -i**3 + 10*i**2 + 4. Give h(10).
4
Let h(f) = -3*f - 3. Determine h(4).
-15
Let c(d) = d + 8. Determine c(-6).
2
Let w(y) = -2*y**3 - 23*y**2 - 10*y. Determine w(-11).
-11
Let a(d) = -d - 2. Calculate a(-2).
0
Let o(f) = -f**2 - 18*f + 8. Give o(-18).
8
Let g(c) = 23*c + 3. Give g(-2).
-43
Let b(h) = -h**2 - 14*h + 67. Calculate b(6).
-53
Let w(b) = b**3 + 5*b**2 - b - 6. Determine w(-5).
-1
Let t(p) = -p**3 + 5*p**2 - p - 6. Determine t(5).
-11
Let a(m) = -15*m + 1. Give a(1).